at is the hundreds digit of 11592672?
6
What is the hundred thousands digit of 1626154?
6
What is the tens digit of 936400?
0
What is the units digit of 7663705?
5
What is the units digit of 8864436?
6
What is the thousands digit of 322882?
2
What is the tens digit of 568171?
7
What is the tens digit of 7324146?
4
What is the thousands digit of 183038?
3
What is the units digit of 10322262?
2
What is the ten thousands digit of 25671055?
7
What is the hundred thousands digit of 6382169?
3
What is the tens digit of 29591050?
5
What is the ten millions digit of 13553170?
1
What is the thousands digit of 125135?
5
What is the tens digit of 21697?
9
What is the ten thousands digit of 16107591?
0
What is the hundreds digit of 779319?
3
What is the hundreds digit of 1621982?
9
What is the ten thousands digit of 2042941?
4
What is the millions digit of 24607051?
4
What is the units digit of 58451?
1
What is the units digit of 12096368?
8
What is the hundreds digit of 12657?
6
What is the ten millions digit of 31677829?
3
What is the hundred thousands digit of 230765?
2
What is the units digit of 176929?
9
What is the tens digit of 191700?
0
What is the hundred thousands digit of 894594?
8
What is the ten thousands digit of 1060683?
6
What is the ten thousands digit of 474097?
7
What is the units digit of 210630?
0
What is the thousands digit of 4592229?
2
What is the tens digit of 45334861?
6
What is the thousands digit of 965495?
5
What is the thousands digit of 1086350?
6
What is the units digit of 4855620?
0
What is the thousands digit of 1148462?
8
What is the hundreds digit of 39513?
5
What is the thousands digit of 24048031?
8
What is the hundreds digit of 100995?
9
What is the units digit of 300456?
6
What is the hundred thousands digit of 160457?
1
What is the tens digit of 454378?
7
What is the ten thousands digit of 150632?
5
What is the tens digit of 4711705?
0
What is the units digit of 38513?
3
What is the ten thousands digit of 7222489?
2
What is the ten thousands digit of 122940?
2
What is the units digit of 9650823?
3
What is the hundred thousands digit of 738472?
7
What is the units digit of 44366?
6
What is the hundred thousands digit of 596540?
5
What is the tens digit of 1781382?
8
What is the tens digit of 15418691?
9
What is the thousands digit of 171570?
1
What is the units digit of 8094?
4
What is the hundred thousands digit of 2274611?
2
What is the ten thousands digit of 64383?
6
What is the tens digit of 949884?
8
What is the millions digit of 2433459?
2
What is the units digit of 95232?
2
What is the units digit of 596482?
2
What is the tens digit of 20239482?
8
What is the tens digit of 2282565?
6
What is the ten thousands digit of 376464?
7
What is the ten thousands digit of 57303?
5
What is the thousands digit of 3670182?
0
What is the tens digit of 13466710?
1
What is the hundreds digit of 5251967?
9
What is the tens digit of 2021961?
6
What is the units digit of 6093960?
0
What is the tens digit of 300766?
6
What is the units digit of 3747886?
6
What is the thousands digit of 380343?
0
What is the hundred thousands digit of 288682?
2
What is the hundreds digit of 353893?
8
What is the tens digit of 48514?
1
What is the units digit of 414544?
4
What is the tens digit of 412577?
7
What is the units digit of 580956?
6
What is the millions digit of 1149676?
1
What is the ten thousands digit of 867516?
6
What is the thousands digit of 2314963?
4
What is the tens digit of 14500309?
0
What is the thousands digit of 213976?
3
What is the ten thousands digit of 1419284?
1
What is the ten thousands digit of 2332314?
3
What is the tens digit of 998471?
7
What is the tens digit of 1498065?
6
What is the thousands digit of 168492?
8
What is the hundreds digit of 1177536?
5
What is the hundreds digit of 3600111?
1
What is the units digit of 4580?
0
What is the tens digit of 642540?
4
What is the hundred thousands digit of 3862860?
8
What is the millions digit of 1014702?
1
What is the hundred thousands digit of 5547530?
5
What is the hundred thousands digit of 8766808?
7
What is the thousands digit of 235356?
5
What is the hundreds digit of 153979?
9
What is the hundred thousands digit of 103362?
1
What is the hundreds digit of 501041?
0
What is the ten thousands digit of 41507415?
0
What is the tens digit of 224935?
3
What is the units digit of 129747?
7
What is the hundreds digit of 520988?
9
What is the hundred thousands digit of 343326?
3
What is the hundred thousands digit of 622431?
6
What is the hundreds digit of 555477?
4
What is the hundreds digit of 192597?
5
What is the hundred thousands digit of 517578?
5
What is the units digit of 3843749?
9
What is the tens digit of 716079?
7
What is the ten thousands digit of 1283821?
8
What is the units digit of 323789?
9
What is the thousands digit of 6226904?
6
What is the ten thousands digit of 1564481?
6
What is the thousands digit of 719192?
9
What is the thousands digit of 6085663?
5
What is the hundreds digit of 3057885?
8
What is the hundreds digit of 1448334?
3
What is the units digit of 852895?
5
What is the ten millions digit of 16797212?
1
What is the thousands digit of 1689933?
9
What is the hundred thousands digit of 421278?
4
What is the units digit of 4087353?
3
What is the ten thousands digit of 2981998?
8
What is the millions digit of 31975781?
1
What is the hundreds digit of 2812978?
9
What is the hundreds digit of 734330?
3
What is the thousands digit of 1825171?
5
What is the hundred thousands digit of 180691?
1
What is the hundreds digit of 31775734?
7
What is the ten thousands digit of 25516224?
1
What is the hundred thousands digit of 389320?
3
What is the hundred thousands digit of 2092480?
0
What is the thousands digit of 395341?
5
What is the ten thousands digit of 6319316?
1
What is the tens digit of 3636944?
4
What is the tens digit of 16437712?
1
What is the hundred thousands digit of 7278118?
2
What is the hundreds digit of 4180630?
6
What is the ten thousands digit of 254217?
5
What is the hundred thousands digit of 6503454?
5
What is the thousands digit of 128468?
8
What is the hundreds digit of 11422206?
2
What is the ten thousands digit of 13545968?
4
What is the ten thousands digit of 377678?
7
What is the hundreds digit of 206334?
3
What is the hundred thousands digit of 14913027?
9
What is the tens digit of 7611062?
6
What is the units digit of 242527?
7
What is the ten thousands digit of 1255849?
5
What is the units digit of 27543?
3
What is the ten thousands digit of 93711?
9
What is the millions digit of 2656776?
2
What is the tens digit of 342754?
5
What is the thousands digit of 15034064?
4
What is the hundreds digit of 602659?
6
What is the hundreds digit of 567478?
4
What is the units digit of 5488908?
8
What is the ten thousands digit of 493879?
9
What is the ten millions digit of 25104818?
2
What is the millions digit of 14633252?
4
What is the hundreds digit of 261507?
5
What is the tens digit of 14151458?
5
What is the hundreds digit of 593655?
6
What is the hundred thousands digit of 626715?
6
What is the ten millions digit of 10963101?
1
What is the millions digit of 16543274?
6
What is the thousands digit of 6062317?
2
What is the hundred thousands digit of 792975?
7
What is the hundreds digit of 6222123?
1
What is the hundred thousands digit of 301847?
3
What is the hundred thousands digit of 981548?
9
What is the ten thousands digit of 1727423?
2
What is the ten thousands digit of 644081?
4
What is the units digit of 9793762?
2
What is the ten thousands digit of 41024?
4
What is the ten thousands digit of 2088460?
8
What is the millions digit of 24500384?
4
What is the ten thousands digit of 15754049?
5
What is the millions digit of 1973630?
1
What is the units digit of 7767375?
5
What is the units digit of 3704748?
8
What is the hundred thousands digit of 14063150?
0
What is the hundred thousands digit of 5590787?
5
What is the units digit of 517285?
5
What is the units digit of 12790903?
3
What is the hundreds digit of 4060854?
8
What is the ten thousands digit of 5406353?
0
What is the ten thousands digit of 2051290?
5
What is the hundreds digit of 5713629?
6
What is the thousands digit of 10510849?
0
What is the ten thous